{"id":1262,"date":"2018-08-05T13:00:51","date_gmt":"2018-08-05T11:00:51","guid":{"rendered":"http:\/\/www.3x3.lv\/?page_id=1262"},"modified":"2026-02-06T10:28:21","modified_gmt":"2026-02-06T08:28:21","slug":"berzaine","status":"publish","type":"page","link":"https:\/\/www.3x3.lv\/?page_id=1262","title":{"rendered":"B\u0113rzaine (V\u0101cija)"},"content":{"rendered":"\n<figure class=\"wp-block-image alignright size-full is-resized\"><img loading=\"lazy\" decoding=\"async\" width=\"424\" height=\"640\" src=\"https:\/\/www.3x3.lv\/wp-content\/uploads\/2022\/03\/Berzaine_3x3_logo.png\" alt=\"\" class=\"wp-image-2353\" style=\"width:118px;height:auto\" srcset=\"https:\/\/www.3x3.lv\/wp-content\/uploads\/2022\/03\/Berzaine_3x3_logo.png 424w, https:\/\/www.3x3.lv\/wp-content\/uploads\/2022\/03\/Berzaine_3x3_logo-199x300.png 199w\" sizes=\"auto, (max-width: 424px) 100vw, 424px\" \/><\/figure>\n\n\n<h2>2025.gad\u0101<\/h2>\n<p class=\"has-text-align-left\">No 3.augusta l\u012bdz 10.augustam. \u0160oreiz saietu vad\u012bja <strong>Egija<\/strong> un <strong>Ingus Kr\u016bmi\u0146i<\/strong>, <strong>Lelde<\/strong> <strong>B\u0113rzi\u0146a<\/strong> un <strong>Dina Emerich<\/strong>.<\/p>\n<p class=\"has-text-align-left\"><a href=\"https:\/\/www.latviesi.com\/organizaciju-jaunumi\/izsludinata-pieteiksanas-3x3-saietam-vacija-latviesu-centra-berzaine?fbclid=IwY2xjawILLiFleHRuA2FlbQIxMAABHdV18XYc7pilEs0rJ1yHaL1uluCa40MBC1A9MA8DlLNu1q5aeFSy2ArCIw_aem_3qqsWyqqMnGqBTDUGrso_Q\">Lasi vair\u0101k \u00a0 \u00a0<\/a><a href=\"https:\/\/www.3x3.lv\/KRATUVE\/Berzaine\/2025\/Berzaine2025avize.pdf\">Av\u012bze<\/a><\/p>\n<h2>2024.gad\u0101<\/h2>\n<p class=\"has-text-align-left\"><br \/>no 28.j\u016blija l\u012bdz 4.augustam saietu vad\u012bja<br \/><strong>Egija<\/strong> un <strong>Ingus Kr\u016bmi\u0146i<\/strong>, <strong>Lelde<\/strong> un <strong>Indulis B\u0113rzi\u0146i<\/strong><\/p>\n<p class=\"has-text-align-left\"><a href=\"mailto:3x3@latviesi.com\">3\u00d73@latviesi.com<\/a> <a href=\"https:\/\/www.latviesi.com\/organizaciju-jaunumi\/3x3-berzaine-notiks-ari-2024gada-piesakies-jau-tagad\">Lasi vair\u0101k<\/a> <a href=\"https:\/\/www.3x3.lv\/KRATUVE\/Berzaine\/2024\/3x3BERZAINE2024.pdf\">Plak\u0101ts<\/a> <a href=\"https:\/\/www.3x3.lv\/KRATUVE\/Berzaine\/2024\/Berzaine2024avize.pdf\">Av\u012bze<\/a><\/p>\n\n<h2>2022.gad\u0101<\/h2>\n<p class=\"has-text-align-center\" style=\"text-align: left;\">No 31.j\u016blija l\u012bdz 07.augustam.<\/p>\n<p>Saieta vad\u012bt\u0101ji <strong>Lelde<\/strong> un <strong>Indulis B\u0113rzi\u0146<\/strong>i un <strong>Egija un Ingus Kr\u016bmi\u0146i<\/strong><\/p>\n\n<h2>2021.gad\u0101<\/h2>\n<p><a href=\"https:\/\/www.latviesi.com\/organizaciju-jaunumi\/latviesu-centrs-berzaine-aicina-uz-cetram-latviesu-gimenu-saieta-3x3-nedelas-nogalem?fbclid=IwAR3fN65tefHZxAKBvdWWLrba0isGGIVylohHru_cLh5UxEiVwrA70cZ0ARs\">Lasi vair\u0101k<\/a><\/p>\n<h2>2018.gad\u0101<\/h2>\n<p style=\"text-align: left;\"><strong>B\u0113rzain\u0113<\/strong>, no 29. j\u016blija l\u012bdz 5.augustam,\u00a0vadija<strong>\u00a0Inese<\/strong> un <strong>\u0100ris Aveni, Indulis B\u0113rzi\u0146\u0161\u00a0<\/strong><a href=\"https:\/\/www.3x3.lv\/?page_id=920\">Lasi vair\u0101k\u00a0\u00a0<\/a><a href=\"https:\/\/www.3x3.lv\/KRATUVE\/Berzaine\/2018\/Berzaine_Brosuura.pdf\">Bro\u0161\u016bra\u00a0<\/a><a href=\"https:\/\/www.3x3.lv\/?p=1344\">Raksts p\u0113c saieta\u00a0<\/a><a href=\"https:\/\/www.latviesi.com\/article\/stipras-pedas-atstatas-3x3-saieta-berzaine\">Lasi ar\u012b \u0161o<\/a><\/p>\n<p style=\"text-align: left;\">Av\u012bze \u00a0<a href=\"https:\/\/www.3x3.lv\/KRATUVE\/Berzaine\/2018\/Pedainitis1.pdf\">P\u0113dain\u012btis 1<\/a> \u00a0 <a href=\"https:\/\/www.3x3.lv\/KRATUVE\/Berzaine\/2018\/Pedainitis2.pdf\">P\u0113dain\u012btis 2\u00a0\u00a0 <\/a><a href=\"https:\/\/www.3x3.lv\/KRATUVE\/Berzaine\/2018\/Pedainitis3.pdf\">P\u0113dain\u012btis 3\u00a0\u00a0<\/a><a href=\"https:\/\/www.3x3.lv\/KRATUVE\/Berzaine\/2018\/Pedainitis4.pdf\">P\u0113dain\u012btis 4\u00a0\u00a0<\/a><a href=\"https:\/\/www.3x3.lv\/KRATUVE\/Berzaine\/2018\/Pedainitis5.pdf\">P\u0113dain\u012btis 5<\/a><\/p>\n<p><iframe loading=\"lazy\" title=\"3x3 Latvie\u0161u centr\u0101 B\u0113rzaine 2018.gad\u0101. 1.diena\" width=\"740\" height=\"416\" src=\"https:\/\/www.youtube.com\/embed\/9Exw1hyMYnM?list=PLMNEFHZKxDe4jb54vj5HvMQXk9ZISOfUG\" frameborder=\"0\" allow=\"accelerometer; autoplay; clipboard-write; encrypted-media; gyroscope; picture-in-picture; web-share\" referrerpolicy=\"strict-origin-when-cross-origin\" allowfullscreen><\/iframe><\/p>\n<p><iframe loading=\"lazy\" title=\"3x3 Latvie\u0161u centr\u0101 B\u0113rzaine 2018.gad\u0101. 2.diena\" width=\"740\" height=\"416\" src=\"https:\/\/www.youtube.com\/embed\/QTIsXXDiS0s?list=PLMNEFHZKxDe4jb54vj5HvMQXk9ZISOfUG\" frameborder=\"0\" allow=\"accelerometer; autoplay; clipboard-write; encrypted-media; gyroscope; picture-in-picture; web-share\" referrerpolicy=\"strict-origin-when-cross-origin\" allowfullscreen><\/iframe><\/p>\n<p><iframe loading=\"lazy\" title=\"3x3 Latvie\u0161u centr\u0101 B\u0113rzaine 2018.gad\u0101. 3.diena\" width=\"740\" height=\"416\" src=\"https:\/\/www.youtube.com\/embed\/pnZ8mG2p6VY?list=PLMNEFHZKxDe4jb54vj5HvMQXk9ZISOfUG\" frameborder=\"0\" allow=\"accelerometer; autoplay; clipboard-write; encrypted-media; gyroscope; picture-in-picture; web-share\" referrerpolicy=\"strict-origin-when-cross-origin\" allowfullscreen><\/iframe><\/p>\n<p><iframe loading=\"lazy\" title=\"3x3 Latvie\u0161u centr\u0101 B\u0113rzaine 2018.gad\u0101. 4.diena\" width=\"740\" height=\"416\" src=\"https:\/\/www.youtube.com\/embed\/f34NjWLqpM0?list=PLMNEFHZKxDe4jb54vj5HvMQXk9ZISOfUG\" frameborder=\"0\" allow=\"accelerometer; autoplay; clipboard-write; encrypted-media; gyroscope; picture-in-picture; web-share\" referrerpolicy=\"strict-origin-when-cross-origin\" allowfullscreen><\/iframe><\/p>\n<p><iframe loading=\"lazy\" title=\"3x3 Latvie\u0161u centr\u0101 B\u0113rzaine 2018.gad\u0101. 5.diena\" width=\"740\" height=\"416\" src=\"https:\/\/www.youtube.com\/embed\/-6OudywNk2g?list=PLMNEFHZKxDe4jb54vj5HvMQXk9ZISOfUG\" frameborder=\"0\" allow=\"accelerometer; autoplay; clipboard-write; encrypted-media; gyroscope; picture-in-picture; web-share\" referrerpolicy=\"strict-origin-when-cross-origin\" allowfullscreen><\/iframe><\/p>\n<p style=\"text-align: left;\"><em><a href=\"mailto:3x3@latviesi.com\" target=\"_blank\" rel=\"noopener\">3&#215;3@latviesi.com<\/a><\/em><\/p>","protected":false},"excerpt":{"rendered":"<p>2025.gad\u0101 No 3.augusta l\u012bdz 10.augustam. \u0160oreiz saietu vad\u012bja Egija un Ingus Kr\u016bmi\u0146i, Lelde B\u0113rzi\u0146a un Dina Emerich. Lasi vair\u0101k \u00a0 \u00a0Av\u012bze 2024.gad\u0101 no 28.j\u016blija l\u012bdz 4.augustam saietu vad\u012bjaEgija un Ingus&#8230;<\/p>\n","protected":false},"author":1,"featured_media":0,"parent":229,"menu_order":0,"comment_status":"closed","ping_status":"closed","template":"","meta":{"__cvm_playback_settings":[],"__cvm_video_id":"","footnotes":""},"class_list":["post-1262","page","type-page","status-publish","hentry"],"_links":{"self":[{"href":"https:\/\/www.3x3.lv\/index.php?rest_route=\/wp\/v2\/pages\/1262","targetHints":{"allow":["GET"]}}],"collection":[{"href":"https:\/\/www.3x3.lv\/index.php?rest_route=\/wp\/v2\/pages"}],"about":[{"href":"https:\/\/www.3x3.lv\/index.php?rest_route=\/wp\/v2\/types\/page"}],"author":[{"embeddable":true,"href":"https:\/\/www.3x3.lv\/index.php?rest_route=\/wp\/v2\/users\/1"}],"replies":[{"embeddable":true,"href":"https:\/\/www.3x3.lv\/index.php?rest_route=%2Fwp%2Fv2%2Fcomments&post=1262"}],"version-history":[{"count":19,"href":"https:\/\/www.3x3.lv\/index.php?rest_route=\/wp\/v2\/pages\/1262\/revisions"}],"predecessor-version":[{"id":3589,"href":"https:\/\/www.3x3.lv\/index.php?rest_route=\/wp\/v2\/pages\/1262\/revisions\/3589"}],"up":[{"embeddable":true,"href":"https:\/\/www.3x3.lv\/index.php?rest_route=\/wp\/v2\/pages\/229"}],"wp:attachment":[{"href":"https:\/\/www.3x3.lv\/index.php?rest_route=%2Fwp%2Fv2%2Fmedia&parent=1262"}],"curies":[{"name":"wp","href":"https:\/\/api.w.org\/{rel}","templated":true}]}}