{"id":2953,"date":"2024-03-10T20:12:05","date_gmt":"2024-03-10T18:12:05","guid":{"rendered":"https:\/\/www.3x3.lv\/?page_id=2953"},"modified":"2024-10-15T19:17:46","modified_gmt":"2024-10-15T17:17:46","slug":"uz-koknesi-piedzivot-savu-latvietibu","status":"publish","type":"page","link":"https:\/\/www.3x3.lv\/?page_id=2953","title":{"rendered":"Uz Koknesi piedz\u012bvot savu latviet\u012bbu!"},"content":{"rendered":"\n<figure class=\"wp-block-image alignright size-full is-resized\"><img loading=\"lazy\" decoding=\"async\" width=\"679\" height=\"740\" src=\"https:\/\/www.3x3.lv\/wp-content\/uploads\/2024\/06\/Koknese_zime-2.png\" alt=\"\" class=\"wp-image-3018\" style=\"width:277px;height:auto\" srcset=\"https:\/\/www.3x3.lv\/wp-content\/uploads\/2024\/06\/Koknese_zime-2.png 679w, https:\/\/www.3x3.lv\/wp-content\/uploads\/2024\/06\/Koknese_zime-2-275x300.png 275w\" sizes=\"auto, (max-width: 679px) 100vw, 679px\" \/><\/figure>\n\n\n\n<figure class=\"wp-block-table is-style-stripes\"><table><tbody><tr><td><a href=\"https:\/\/www.3x3.lv\/KRATUVE\/Koknese\/Buklets_Koknese.pdf\">Buklets<\/a><br><a href=\"https:\/\/www.3x3.lv\/KRATUVE\/Koknese\/Ievirzu_Apraksti_Koknese.pdf\">Ievir\u017eu apraksts<\/a><br><a href=\"https:\/\/www.3x3.lv\/KRATUVE\/Koknese\/Dienas_Ritms_Koknese.pdf\">Dienas ritms<\/a><\/td><td>Saieta av\u012bze<br><a href=\"https:\/\/www.3x3.lv\/KRATUVE\/Koknese\/PUMPURS1.pdf\">1.Pumpurs<\/a><br><a href=\"https:\/\/www.3x3.lv\/KRATUVE\/Koknese\/PUMPURS2.pdf\">2.Pumpurs<\/a><br><a href=\"https:\/\/www.3x3.lv\/KRATUVE\/Koknese\/PUMPURS3.pdf\">3.Pumpurs<\/a><br><a href=\"https:\/\/www.3x3.lv\/KRATUVE\/Koknese\/PUMPURS4.pdf\">4.Pumpurs<\/a><br><a href=\"https:\/\/www.3x3.lv\/KRATUVE\/Koknese\/PUMPURS5.pdf\">5.Pumpurs<\/a><br><a href=\"https:\/\/www.3x3.lv\/KRATUVE\/Koknese\/PUMPURS6.pdf\" data-type=\"link\" data-id=\"https:\/\/www.3x3.lv\/KRATUVE\/Koknese\/PUMPURS6.pdf\">6.Pumpurs<\/a><br><a href=\"https:\/\/www.3x3.lv\/KRATUVE\/Koknese\/PUMPURS7.pdf\" data-type=\"link\" data-id=\"https:\/\/www.3x3.lv\/KRATUVE\/Koknese\/PUMPURS6.pdf\">7.Pumpurs<\/a><br><\/td><\/tr><\/tbody><\/table><\/figure>\n\n\n\n<p><\/p>\n\n\n\n<figure class=\"wp-block-embed is-type-video is-provider-vimeo wp-block-embed-vimeo wp-embed-aspect-16-9 wp-has-aspect-ratio\"><div class=\"wp-block-embed__wrapper\">\n<iframe loading=\"lazy\" title=\"KokneseTv1\" src=\"https:\/\/player.vimeo.com\/video\/981770742?dnt=1&amp;app_id=122963\" width=\"740\" height=\"416\" frameborder=\"0\" allow=\"autoplay; fullscreen; picture-in-picture; clipboard-write\"><\/iframe>\n<\/div><\/figure>\n\n\n\n<figure class=\"wp-block-embed is-type-video is-provider-vimeo wp-block-embed-vimeo wp-embed-aspect-16-9 wp-has-aspect-ratio\"><div class=\"wp-block-embed__wrapper\">\n<iframe loading=\"lazy\" title=\"KokneseTv2\" src=\"https:\/\/player.vimeo.com\/video\/981771538?dnt=1&amp;app_id=122963\" width=\"740\" height=\"416\" frameborder=\"0\" allow=\"autoplay; fullscreen; picture-in-picture; clipboard-write\"><\/iframe>\n<\/div><\/figure>\n\n\n\n<figure class=\"wp-block-embed is-type-video is-provider-vimeo wp-block-embed-vimeo wp-embed-aspect-16-9 wp-has-aspect-ratio\"><div class=\"wp-block-embed__wrapper\">\n<iframe loading=\"lazy\" title=\"KokneseTv3\" src=\"https:\/\/player.vimeo.com\/video\/981772219?dnt=1&amp;app_id=122963\" width=\"740\" height=\"416\" frameborder=\"0\" allow=\"autoplay; fullscreen; picture-in-picture; clipboard-write\"><\/iframe>\n<\/div><\/figure>\n\n\n\n<figure class=\"wp-block-embed is-type-video is-provider-vimeo wp-block-embed-vimeo wp-embed-aspect-16-9 wp-has-aspect-ratio\"><div class=\"wp-block-embed__wrapper\">\n<iframe loading=\"lazy\" title=\"KokneseTv4\" src=\"https:\/\/player.vimeo.com\/video\/984149723?dnt=1&amp;app_id=122963\" width=\"740\" height=\"416\" frameborder=\"0\" allow=\"autoplay; fullscreen; picture-in-picture; clipboard-write\"><\/iframe>\n<\/div><\/figure>\n\n\n\n<figure class=\"wp-block-embed is-type-video is-provider-vimeo wp-block-embed-vimeo wp-embed-aspect-16-9 wp-has-aspect-ratio\"><div class=\"wp-block-embed__wrapper\">\n<iframe loading=\"lazy\" title=\"KokneseTv6\" src=\"https:\/\/player.vimeo.com\/video\/984148316?dnt=1&amp;app_id=122963\" width=\"740\" height=\"416\" frameborder=\"0\" allow=\"autoplay; fullscreen; picture-in-picture; clipboard-write\"><\/iframe>\n<\/div><\/figure>\n\n\n\n<figure class=\"wp-block-embed is-type-video is-provider-vimeo wp-block-embed-vimeo wp-embed-aspect-16-9 wp-has-aspect-ratio\"><div class=\"wp-block-embed__wrapper\">\n<iframe loading=\"lazy\" title=\"KokneseTv7\" src=\"https:\/\/player.vimeo.com\/video\/984150480?dnt=1&amp;app_id=122963\" width=\"740\" height=\"416\" frameborder=\"0\" allow=\"autoplay; fullscreen; picture-in-picture; clipboard-write\"><\/iframe>\n<\/div><\/figure>\n\n\n\n<figure class=\"wp-block-embed is-type-video is-provider-vimeo wp-block-embed-vimeo wp-embed-aspect-16-9 wp-has-aspect-ratio\"><div class=\"wp-block-embed__wrapper\">\n<iframe loading=\"lazy\" title=\"KokneseTv5\" src=\"https:\/\/player.vimeo.com\/video\/982358275?dnt=1&amp;app_id=122963\" width=\"740\" height=\"416\" frameborder=\"0\" allow=\"autoplay; fullscreen; picture-in-picture; clipboard-write\"><\/iframe>\n<\/div><\/figure>\n\n\n\n<p>Vasaras plaukum\u0101 p\u0113c J\u0101\u0146iem (no 30. j\u016bnija l\u012bdz 7. j\u016blijam) 3&#215;3 saime apdz\u012bvos, pieskandin\u0101s, piedejos un pozit\u012bv\u0101m dom\u0101m piepild\u012bs ainavisko Kokneses apk\u0101rtni.&nbsp;<\/p>\n\n\n\n<p>3&#215;3 ir latvie\u0161u \u0123ime\u0146u saiets ar senu v\u0113sturi (kop\u0161 1981. gada), pla\u0161\u0101m sakn\u0113m vis\u0101 pasaul\u0113 un sp\u0113c\u012bg\u0101m trad\u012bcij\u0101m, kas pal\u012bdz stiprin\u0101t tautas latvisk\u0101s identit\u0101tes apzi\u0146u, papla\u0161inot latvisk\u0101s zin\u0101\u0161anas, veicinot kop\u012bbas izj\u016btu, sp\u0113cinot latviskas \u0123imenes, sekm\u0113jot jaunu draudz\u012bbu ra\u0161anos un att\u012bstot latvisko kult\u016brvidi.&nbsp;<\/p>\n\n\n\n<p>Par tr\u012bsreiztr\u012bsnieku var k\u013c\u016bt jebkur\u0161. Tiem, kas saiet\u0101 nav biju\u0161i ne reizi, tiek dota priek\u0161roka, piesakot savu dal\u012bbu, ja nu izr\u0101d\u012btos, ka uz pas\u0101kumu ir vair\u0101k grib\u0113t\u0101ju, k\u0101 pieejamo vietu. To, k\u0101 vari tikt piedz\u012bvot un izbaud\u012bt \u0161o kult\u016bras notikumiem, izzino\u0161\u0101m un izaugsmes aktivit\u0101t\u0113m, tradicion\u0101lo (un ne tikai) prasmju nodarb\u012bb\u0101m un pozit\u012bv\u0101m emocij\u0101m piepild\u012bto ned\u0113\u013cu, lasi raksta nosl\u0113gum\u0101.&nbsp;<\/p>\n\n\n\n<p><strong><span style=\"text-decoration: underline;\"><mark style=\"background-color:#dd9933\" class=\"has-inline-color has-dark-gray-color\">Par Koknesi<\/mark><\/span><\/strong><\/p>\n\n\n\n<p>Koknese ir viena no senaj\u0101m <strong>Hanzas pils\u0113t\u0101m<\/strong> ar bag\u0101t\u012bgu v\u0113sturi. Pirmo reizi rakstos t\u0101 min\u0113ta jau ap 1200. gadu. K\u0101 raksta koknesiete M\u0101ra Bit\u0101ne: \u201cKoknese nezin\u0101t\u0101jiem var\u0113tu \u0161\u0137ist vien mazs punkti\u0146\u0161 Latvijas kart\u0113, pat ne pils\u0113ta, vien ciems, un tom\u0113r zem \u0161\u012b it k\u0101 necil\u0101 punkti\u0146a pasl\u0113pusies vesela pasaule &#8211; apburo\u0161a, nedaudz nosl\u0113pumaina un pavisam noteikti atkl\u0101\u0161anas v\u0113rta. Nav daudz vietu Latvij\u0101 un pat \u0101rpus Latvijas, kur tik br\u012bni\u0161\u0137\u012bg\u0101 veid\u0101 sapl\u016bst divas upes, radot romantisku fonu vair\u0101kus gadu simtus pieredz\u0113ju\u0161aj\u0101m Kokneses pilsdrup\u0101m. \u0160eit Daugavas pla\u0161ums \u013cauj v\u0113jam, dom\u0101m un skatienam aizklejot l\u012bdzi aizejo\u0161ajai dienai, ko redz tie laim\u012bgie, kuri skaist\u0101 vasaras pievakar\u0113 atvelk elpu Daugavas akme\u0146ainajos krastos vai izstaig\u0101 ainavisko dabas taku, kas ved cauri kokos sl\u012bgsto\u0161ajam parkam, gar\u0101m P\u0113rses upei, pilsdrupu varenajiem m\u016briem, m\u0101j\u012bgajai luter\u0101\u0146u bazn\u012bcai pa upes daudzveid\u012bgo krastu l\u012bdz pat Likte\u0146d\u0101rzam.\u201d Varam vien apstiprin\u0101t, ka Koknes\u0113 ir ko redz\u0113t, kur staig\u0101t, ir v\u0113rts baud\u012bt labu komp\u0101niju un vareno Daugavas kl\u0101tb\u016btni. Koknes\u0113 ir ar\u012b sirsn\u012bgi, atsauc\u012bgi un \u013coti laipni cilv\u0113ki &#8211; t\u0101dus ir v\u0113rts paz\u012bt.&nbsp;<\/p>\n\n\n\n<p><strong><span style=\"text-decoration: underline;\"><mark style=\"background-color:#dd9933\" class=\"has-inline-color has-dark-gray-color\">Saieta programma<\/mark><\/span><\/strong><\/p>\n\n\n\n<p>Lai gan prec\u012bza programma tiks izsludin\u0101ta vasarai tuvojoties, jau tagad ir dro\u0161i zin\u0101ms, ka 3&#215;3 ned\u0113\u013cu piepild\u012bs<strong> ap 50 da\u017e\u0101du ievir\u017eu<\/strong> (nodarb\u012bbas ned\u0113\u013cas garum\u0101, kas atk\u0101rtojas ik dienu 3 da\u017e\u0101dos c\u0113lienos &#8211; r\u012bta, p\u0113cpusdienas un vakara). Dar\u0101m\u0101 netr\u016bks visiem vecumiem, s\u0101kot ar pa\u0161iem maz\u0101kajiem (0-2g) l\u012bdz pat dz\u012bves pieredz\u0113ju\u0161\u0101kajiem dal\u012bbniekiem. Ievir\u017eu sarakstu, r\u016bp\u0113joties par visda\u017e\u0101d\u0101kaj\u0101m interes\u0113m, rot\u0101 gan ar <strong>tradicion\u0101laj\u0101m prasm\u0113m<\/strong> saist\u012btas nodarbes: celo\u0161ana, lina kreklu \u0161\u016b\u0161ana, folklora, kokles sp\u0113le, seno \u0101das apavu darin\u0101\u0161ana, rotkal\u0161ana, pirts m\u0101c\u012bba, latvisk\u0101 virtuve un da\u017e\u0101das aktivit\u0101tes Kokneses Rado\u0161aj\u0101 m\u0101j\u0101, gan modern\u0101kiem laikiem un <strong>laikmetam nepiesaist\u012btas aktivit\u0101tes<\/strong>: \u0123ime\u0146u semin\u0101rs, v\u012bru sp\u0113ks, sietspiedes darbn\u012bca, jaunie\u0161u klubs, te\u0101tris, dejas ievirze, kro\u0146u darbn\u012bca un daudzas citas. Dom\u0101jot par pa\u0161iem maz\u0101kajiem dal\u012bbniekiem pl\u0101nota vingro\u0161ana m\u0101mi\u0146\u0101m ar mazu\u013ciem, Laimes b\u013coda ar siltajiem graudiem, Pusreizpuses nodarb\u012bbas da\u017e\u0101diem vecumiem (2 &#8211; 4g. un 5-6g.), do\u0161an\u0101s dab\u0101, gr\u0101matu pasaules izzin\u0101\u0161ana sadarb\u012bb\u0101 ar Ziedo\u0146a klasi u.c. Tie, kuriem labpat\u012bk aizvest ko uz m\u0101j\u0101m, b\u016bs iesp\u0113ja <strong>praktiski<\/strong> ar sav\u0101m rok\u0101m uzdarin\u0101t m\u0101la trauku, rotu, lina kreklu, apaudus vai varb\u016bt pat jostu, rota\u013clietas un daudz da\u017e\u0101du citu lietu, savuk\u0101rt t\u0101 saucamaj\u0101s <strong>galvas ievirz\u0113s<\/strong> var\u0113s run\u0101t par \u0123imenes sist\u0113mu un b\u0113rnu audzin\u0101\u0161anu, pilnveidot attiec\u012bbas sav\u0101 \u0123imen\u0113, diskut\u0113t par \u0161\u012b br\u012b\u017ea politiskajiem notikumiem un m\u016bsu lomu tajos, atkl\u0101t sevi caur folkloras materi\u0101liem, mekl\u0113t r\u012bkus, k\u0101 uztur\u0113t un uzlabot savu psihisko vesel\u012bbu, bag\u0101tin\u0101t sevi ar da\u017e\u0101du literat\u016bras tekstu p\u0113t\u012b\u0161anu un dauz\u012b\u0161anos ar tiem, saprast, k\u0101 aizrakties l\u012bdz savam dzimtas kokam.. Un v\u0113l\u2026 un v\u0113l! Dar\u0101m\u0101 pietiks visiem!<\/p>\n\n\n\n<p>Ik vakaru, kad b\u016bsim nosl\u0113gu\u0161i \u010daklu darbo\u0161anos min\u0113taj\u0101s ievirz\u0113s, kl\u0101t vakari\u0146as un p\u0113c t\u0101m kult\u016bras un da\u017e\u0101du kop\u012bgu notikumu laiks <strong>vakara programm\u0101s<\/strong>. B\u016bs skat\u0101ms gan pa k\u0101dam koncertam un te\u0101tra izr\u0101dei, gan iesp\u0113ja izskriet orient\u0113\u0161an\u0101s trasi, gan p\u0101rbaud\u012bt pr\u0101ta asumu erud\u012bcijas sp\u0113l\u0113. Vien\u0101 no vakariem katram saieta dal\u012bbniekam b\u016bs iesp\u0113ja demonstr\u0113t k\u0101du savu talantu vai varb\u016bt jaunapg\u016btu prasmi Br\u012bvaj\u0101 mikrofon\u0101, savuk\u0101rt piektdienas vakar\u0101 visi vilksim goda dr\u0101nas un, dedzot l\u0101pas, dosimies iekurt kop\u012bgu ritu\u0101la ugunskuru, pie kura ar v\u0101rdiem, dom\u0101m, dziesm\u0101m daudzin\u0101t saieta t\u0113mu \u201cp\u0101rtapt\u201d. Tiem, kam sp\u0113ka v\u0113l b\u016bs gana, v\u0113laj\u0101 vakar\u0101, protams, b\u016bs v\u0113l iesp\u0113ja baud\u012bt k\u0101rt\u012bgus latviskus <strong>dan\u010dus<\/strong> ar \u0112riku Zepu un Ivaru Ut\u0101nu vai kop\u0101 ar citiem krodzi\u0146a \u201cR\u016bdolfs\u201d telp\u0101s pavad\u012bt laiku ar dziesm\u0101m, smiekliem, sarun\u0101m programmas sada\u013c\u0101, kas jau gadu desmitiem m\u012b\u013ci iesaukta par \u201cN\u012bk\u0161anu\u201d.&nbsp;<\/p>\n\n\n\n<p><strong><span style=\"text-decoration: underline;\"><mark style=\"background-color:#dd9933\" class=\"has-inline-color has-dark-gray-color\">Sadz\u012bve<\/mark><\/span><\/strong><\/p>\n\n\n\n<p>Saiets ar aktivit\u0101t\u0113m, dziesm\u0101m, dan\u010diem un sald\u0113juma \u0113d\u0101jiem pieskandin\u0101s visu Koknesi \u2013 no skolas l\u012bdz pilsdrup\u0101m, Likte\u0146d\u0101rzam un Rado\u0161ajai m\u0101jai. Apme\u0161an\u0101s \u2013 <strong>saieta centrs<\/strong> \u2013 notiks Ilm\u0101ra Gai\u0161a Kokneses vidusskol\u0101. Nak\u0161\u0146o\u0161ana liel\u0101koties paredz\u0113ta vidusskolas <strong>klas\u0113s uz matra\u010diem<\/strong>. Apme\u0161an\u0101s paredz\u0113ta vair\u0101k\u0101m \u0123imen\u0113m kop\u0101, stiprinot iesp\u0113ju jaunajiem tr\u012breiztr\u012bsniekiem sapaz\u012bties ar pieredz\u0113ju\u0161ajiem. Da\u013ca dal\u012bbnieku tiks izmitin\u0101ti <strong>intern\u0101ta \u0113k\u0101<\/strong>, kas savienota ar vidusskolu. Otr\u0101 pagalma gal\u0101 m\u016bsu r\u012bc\u012bb\u0101 ik dienu b\u016bs <strong>Kokneses Sporta centrs<\/strong> ar du\u0161\u0101m, peldbaseinu un iesp\u0113ju notur\u0113t ar\u012b da\u017e\u0101das sportiskas aktivit\u0101tes.&nbsp; Saiet\u0101 pied\u0101v\u0101jam gan vis\u0113d\u0101ju, gan ve\u0123et\u0101ru <strong>\u0113din\u0101\u0161anu 3 reizes<\/strong> dien\u0101 skolas \u0113dn\u012bc\u0101 un telt\u012b pie skolas. Ievirzes norisin\u0101sies skolas klas\u0113s, k\u0101 ar\u012b br\u012bv\u0101 dab\u0101. Uz da\u017e\u0101m no aktivit\u0101t\u0113m (Rado\u0161aj\u0101 m\u0101j\u0101 un Likte\u0146d\u0101rz\u0101) aicin\u0101sim doties ar savu auto vai l\u012bdzpa\u0146emtu velosip\u0113du, lai gar\u0101ks p\u0101rvieto\u0161an\u0101s mar\u0161ruts neietekm\u0113 savlaic\u012bgu iera\u0161anos izv\u0113l\u0113taj\u0101s aktivit\u0101t\u0113s.<\/p>\n\n\n\n<p><strong><span style=\"text-decoration: underline;\"><mark style=\"background-color:#dd9933\" class=\"has-inline-color has-dark-gray-color\">Iepaz\u012bsim Koknesi un visu Aizkraukles novadu<\/mark><\/span><\/strong><\/p>\n\n\n\n<p>Ned\u0113\u013cas vid\u016b paredz\u0113ta <strong>ekskursiju diena<\/strong>, kad laiku starp pusdien\u0101m un vakari\u0146\u0101m pavad\u012bsim \u0101rpus saieta norises vietas, apce\u013cojot tuv\u0101kus un t\u0101l\u0101kus noz\u012bm\u012bgus, interesantus un izzin\u0101\u0161anas v\u0113rtus objektus, cilv\u0113kus un pieturpunktus vis\u0101 pla\u0161aj\u0101 Aizkraukles novad\u0101. Da\u017ei mar\u0161ruti paredz\u0113ti k\u0101j\u0101mg\u0101j\u0113jiem turpat Koknes\u0113, ta\u010du liel\u0101koties do\u0161an\u0101s ekskursij\u0101s notiks ar saieta organiz\u0113tiem autobusiem, kam b\u016bs iesp\u0113ja sekot savos priv\u0101tajos auto.&nbsp;<\/p>\n\n\n\n<p>Da\u017eu kilometru att\u0101lum\u0101 no skolas atrodas jau vair\u0101k k\u0101 15 gadus iekoptais un lolotais <strong>Likte\u0146d\u0101rzs<\/strong>. K\u0101 raksta pa\u0161i Likte\u0146d\u0101rza uztur\u0113t\u0101ji: \u201cT\u0101 ir vieta, kur satiekas cilv\u0113ka un valsts pag\u0101tne, tagadne un n\u0101kotne. Satiekas, lai rastu mierin\u0101jumu pag\u0101tnei, sp\u0113ku esam\u012bbai un iedvesmu atjaunotnei.\u201d Vair\u0101k par Likte\u0146d\u0101rzu noteikti v\u0113rts izzin\u0101t vi\u0146u m\u0101jaslap\u0101, ta\u010du noteikti v\u0113rts izcelt iesp\u0113ju ar ziedojuma pal\u012bdz\u012bbu atbalst\u012bt Likte\u0146d\u0101rza tap\u0161anu un att\u012bst\u012bbu, atst\u0101jot palieko\u0161u nospiedumu. Ja gribi n\u0101kotn\u0113 atrast <strong>Draugu alej\u0101 bru\u0123akmeni<\/strong> ar savu v\u0101rdu, tad to vari izdar\u012bt veicot ziedojumu un piesakot savu akmeni. K\u0101 to izdar\u012bt, noskaidro \u0161eit: <a href=\"https:\/\/www.liktendarzs.lv\/atbalstit\/atbalsta-veidi\/brugakmens\/\">https:\/\/www.liktendarzs.lv\/atbalstit\/atbalsta-veidi\/brugakmens\/<\/a><\/p>\n\n\n\n<p><strong><span style=\"text-decoration: underline;\"><mark style=\"background-color:#dd9933\" class=\"has-inline-color has-dark-gray-color\">M\u0113s \u2013 r\u012bkot\u0101ji<\/mark><\/span><\/strong><\/p>\n\n\n\n<p>\u0160o saietu organiz\u0113sim m\u0113s &#8211; <strong>Kr\u016bmi\u0146u \u0123imene<\/strong>, un mums tas b\u016bs jau tre\u0161ais (2015. gad\u0101 Prieku\u013cos un 2019. gad\u0101 Jaunpil\u012b). 3&#215;3 padom\u0113 darbojamies jau 10 gadu, pa\u0161\u0101 kust\u012bb\u0101 Eduards ir jau kop\u0161 dzim\u0161anas, savuk\u0101rt Ieva &#8211; kop\u0161 2008. gada. M\u016bsu \u0123imenes moto ir Rai\u0146a viedie v\u0101rdi: \u201cG\u016bt var dodot, g\u016bt var \u0146emot, dodot g\u016btais neat\u0146emams.\u201d T\u0101p\u0113c m\u0113s atk\u0101rtoti esam gatavi str\u0101d\u0101t br\u012bvpr\u0101t\u012bgo darbu. Savu saist\u012bbu ar Koknesi atkl\u0101j\u0101m nejau\u0161i, pateicoties 3&#215;3 r\u012bko\u0161anai \u2013 izr\u0101d\u0101s, te dzimusi Ievas mamma.<\/p>\n\n\n\n<figure class=\"wp-block-image size-large\"><img loading=\"lazy\" decoding=\"async\" width=\"1024\" height=\"683\" src=\"https:\/\/www.3x3.lv\/wp-content\/uploads\/2024\/03\/SaietaVaditajiKaroguSanemot-1024x683.jpg\" alt=\"\" class=\"wp-image-2957\" srcset=\"https:\/\/www.3x3.lv\/wp-content\/uploads\/2024\/03\/SaietaVaditajiKaroguSanemot-1024x683.jpg 1024w, https:\/\/www.3x3.lv\/wp-content\/uploads\/2024\/03\/SaietaVaditajiKaroguSanemot-300x200.jpg 300w, https:\/\/www.3x3.lv\/wp-content\/uploads\/2024\/03\/SaietaVaditajiKaroguSanemot-768x512.jpg 768w, https:\/\/www.3x3.lv\/wp-content\/uploads\/2024\/03\/SaietaVaditajiKaroguSanemot.jpg 1500w\" sizes=\"auto, (max-width: 1024px) 100vw, 1024px\" \/><\/figure>\n\n\n\n<p>Abi esam \u201cizgl\u012bt\u012bbas cilv\u0113ki\u201d. Ieva ir direktore un skolot\u0101ja Ik\u0161\u0137iles Br\u012bvaj\u0101 skol\u0101, Eduards \u2013 supervizors un biznesa treneris, kur\u0161 ar\u012b akt\u012bvi iesaist\u0101s Ik\u0161\u0137iles Br\u012bv\u0101s skolas vad\u012bb\u0101 un att\u012bst\u012bb\u0101. Abi sav\u0101s zin\u0101\u0161an\u0101s un pieredz\u0113 dal\u0101mies, ar\u012b vadot ievirzes 3&#215;3 saietos. \u0160is ir pirmais saiets, kuru pl\u0101nojam un vad\u0101m kop\u0101 ar savu meiti\u0146u R\u016btu.&nbsp;<\/p>\n\n\n\n<p>Lai pas\u0101kums norit\u0113tu sekm\u012bgi un visus darbus pag\u016btu laikus izdar\u012bt, esam piesaist\u012bju\u0161i <strong>varenu dar\u012bt\u0101ju komandu<\/strong> &#8211; Rokpe\u013c\u0146u, Neima\u0146u, Ut\u0101nu, Kirmu\u0161ku-Auni\u0146u \u0123imenes un Dainu Doma\u0161\u016bti. \u0160ie ir \u010dakli un izdar\u012bgi \u013caudis, kas ikvienam pal\u012bdz\u0113s noorient\u0113ties saieta noris\u0113s, justies labi un rast risin\u0101jumus visda\u017e\u0101d\u0101kaj\u0101s situ\u0101cij\u0101s.&nbsp;<\/p>\n\n\n\n<p><strong><span style=\"text-decoration: underline;\"><mark style=\"background-color:#dd9933\" class=\"has-inline-color has-dark-gray-color\">Pieteik\u0161an\u0101s k\u0101rt\u012bba<\/mark><\/span><\/strong><\/p>\n\n\n\n<p>Pieteikties var ikviens neatkar\u012bgi no t\u0101, kur\u0101 pasaules vai Latvijas viet\u0101 ikdien\u0101 m\u012bt, vai jauns, vecs, prec\u0113jies, ar b\u0113rniem un kad p\u0113d\u0113jo reizi bijis 3&#215;3. Priek\u0161roku dosim pirmreiz\u0113jiem dal\u012bbniekiem, savuk\u0101rt tiem, kas jau reiz biju\u0161i saiet\u0101, &#8211; rindas k\u0101rt\u012bb\u0101. Potenci\u0101lajiem dal\u012bbniekiem j\u0101ies\u016bta <strong>pieteikuma v\u0113stule<\/strong>, kur\u0101 iepaz\u012bstina ar savu \u0123imeni un apraksta, k\u0101p\u0113c \u0123imene v\u0113las piedal\u012bties 3&#215;3, k\u0101das ir vi\u0146u p\u0101rdomas par saieta vadmot\u012bvu. Priek\u0161roku alla\u017e dodam pimreiz\u0113jiem dal\u012bbniekiem &#8211; kandid\u0101tiem, kas v\u0113l l\u012bdz \u0161im nav baud\u012bju\u0161i 3&#215;3 gaisotni, k\u0101 ar\u012b \u0101rzemju latvie\u0161iem.<\/p>\n\n\n\n<p>Savuk\u0101rt, ja tevi urda doma par l\u012bdzdarbo\u0161anos saieta noris\u0113 un k\u0101das ievirzes vai citas aktivit\u0101tes vad\u012b\u0161anu, neturi sveci zem p\u016bra un s\u016bti zi\u0146u! Iesp\u0113jams, tie\u0161i tava ideja b\u016bs tas, ko mekl\u0113jam. Un l\u012bdz\u0113t vari v\u0113l k\u0101d\u0101 veid\u0101 &#8211; ir gana daudz \u0123ime\u0146u, kam dal\u012bbas maksa ir p\u0101r\u0101k liela \u0123imenes bud\u017eeta da\u013ca. Ja tava roc\u012bba at\u013cauj un v\u0113lies piepild\u012bt k\u0101das \u0123imenes vasaras sapni kop\u0101 augt Kokneses 3&#215;3 saiet\u0101, apmaks\u0101jot vi\u0146u dal\u012bbas maksu, dod zi\u0146u!<\/p>\n\n\n\n<p><strong><span style=\"text-decoration: underline;\"><mark style=\"background-color:#dd9933\" class=\"has-inline-color has-dark-gray-color\">Dal\u012bbas maksas<\/mark><\/span><\/strong><\/p>\n\n\n\n<ul class=\"wp-block-list\">\n<li><strong>Latvijas<\/strong>&nbsp;latvie\u0161iem&nbsp;<strong>no personas<\/strong>&nbsp;&#8211;&nbsp;<strong>190\u20ac<\/strong>, b\u0113rniem no 2 l\u012bdz 6 gadiem puse &#8211; 95\u20ac (b\u0113rniem l\u012bdz 2 gadu vecumam bez maksas);&nbsp;<strong>kodol\u0123imenei<\/strong>&nbsp;(vec\u0101ki ar nepilngad\u012bgiem b\u0113rniem)&nbsp;<strong>ne vair\u0101k k\u0101 600\u20ac<\/strong>.<\/li>\n\n\n\n<li><strong>Latvij\u0101<\/strong>&nbsp;\u0101rzemju latvie\u0161iem&nbsp;<strong>no personas<\/strong>&nbsp;&#8211;&nbsp;<strong>320\u20ac<\/strong>, b\u0113rniem no 2 l\u012bdz 6 gadiem puse &#8211; 160\u20ac (b\u0113rniem l\u012bdz 2 gadu vecumam bez maksas);&nbsp;<strong>kodol\u0123imenei<\/strong>&nbsp;(vec\u0101ki ar nepilngad\u012bgiem b\u0113rniem)&nbsp;<strong>ne vair\u0101k k\u0101 720\u20ac<\/strong>.<\/li>\n\n\n\n<li>Ja dal\u012bbnieks v\u0113las apmesties&nbsp;<strong>augst\u0101ka komforta vai pavisam priv\u0101tos apartamentos<\/strong>, tad par atsevi\u0161\u0137u samaksu iesp\u0113jams \u012br\u0113t k\u0101du viesu namu\/viesn\u012bcas numuri\u0146u u.tml.<\/li>\n<\/ul>\n\n\n\n<p>Uz tik\u0161anos sirdssilt\u0101s sarun\u0101s v\u0113stul\u0113s un p\u0113c\u0101k jau vasaras saules lutin\u0101t\u0101j\u0101 Koknes\u0113! M\u0113s v\u0113l joproj\u0101m skait\u0101m dienas l\u012bdz s\u0101kumam.<\/p>\n\n\n\n<figure class=\"wp-block-image aligncenter size-large is-resized\"><img loading=\"lazy\" decoding=\"async\" width=\"683\" height=\"1024\" src=\"https:\/\/www.3x3.lv\/wp-content\/uploads\/2024\/03\/SaietaVaditajiKruminiGimene-683x1024.jpg\" alt=\"\" class=\"wp-image-2955\" style=\"width:377px;height:auto\" srcset=\"https:\/\/www.3x3.lv\/wp-content\/uploads\/2024\/03\/SaietaVaditajiKruminiGimene-683x1024.jpg 683w, https:\/\/www.3x3.lv\/wp-content\/uploads\/2024\/03\/SaietaVaditajiKruminiGimene-200x300.jpg 200w, https:\/\/www.3x3.lv\/wp-content\/uploads\/2024\/03\/SaietaVaditajiKruminiGimene-768x1151.jpg 768w, https:\/\/www.3x3.lv\/wp-content\/uploads\/2024\/03\/SaietaVaditajiKruminiGimene-1025x1536.jpg 1025w, https:\/\/www.3x3.lv\/wp-content\/uploads\/2024\/03\/SaietaVaditajiKruminiGimene.jpg 1058w\" sizes=\"auto, (max-width: 683px) 100vw, 683px\" \/><\/figure>\n\n\n\n<p class=\"has-text-align-center\">Lieli un mazi Kr\u016bmi\u0146i: Ieva, Eduards, R\u016bta<\/p>\n\n\n\n<p><strong><span style=\"text-decoration: underline;\"><mark style=\"background-color:#dd9933\" class=\"has-inline-color has-dark-gray-color\">Sazi\u0146ai<\/mark><\/span><\/strong><\/p>\n\n\n\n<p>Raksti: Kokneses3x3@gmail.com<\/p>\n\n\n\n<p>Zvani: 29285195 vai 26699767<\/p>\n","protected":false},"excerpt":{"rendered":"<p>BukletsIevir\u017eu aprakstsDienas ritms Saieta av\u012bze1.Pumpurs2.Pumpurs3.Pumpurs4.Pumpurs5.Pumpurs6.Pumpurs7.Pumpurs Vasaras plaukum\u0101 p\u0113c J\u0101\u0146iem (no 30. j\u016bnija l\u012bdz 7. j\u016blijam) 3&#215;3 saime apdz\u012bvos, pieskandin\u0101s, piedejos un pozit\u012bv\u0101m dom\u0101m piepild\u012bs ainavisko Kokneses apk\u0101rtni.&nbsp; 3&#215;3 ir latvie\u0161u&#8230;<\/p>\n","protected":false},"author":1,"featured_media":0,"parent":229,"menu_order":0,"comment_status":"closed","ping_status":"closed","template":"","meta":{"__cvm_playback_settings":[],"__cvm_video_id":"","footnotes":""},"class_list":["post-2953","page","type-page","status-publish","hentry"],"_links":{"self":[{"href":"https:\/\/www.3x3.lv\/index.php?rest_route=\/wp\/v2\/pages\/2953","targetHints":{"allow":["GET"]}}],"collection":[{"href":"https:\/\/www.3x3.lv\/index.php?rest_route=\/wp\/v2\/pages"}],"about":[{"href":"https:\/\/www.3x3.lv\/index.php?rest_route=\/wp\/v2\/types\/page"}],"author":[{"embeddable":true,"href":"https:\/\/www.3x3.lv\/index.php?rest_route=\/wp\/v2\/users\/1"}],"replies":[{"embeddable":true,"href":"https:\/\/www.3x3.lv\/index.php?rest_route=%2Fwp%2Fv2%2Fcomments&post=2953"}],"version-history":[{"count":32,"href":"https:\/\/www.3x3.lv\/index.php?rest_route=\/wp\/v2\/pages\/2953\/revisions"}],"predecessor-version":[{"id":3080,"href":"https:\/\/www.3x3.lv\/index.php?rest_route=\/wp\/v2\/pages\/2953\/revisions\/3080"}],"up":[{"embeddable":true,"href":"https:\/\/www.3x3.lv\/index.php?rest_route=\/wp\/v2\/pages\/229"}],"wp:attachment":[{"href":"https:\/\/www.3x3.lv\/index.php?rest_route=%2Fwp%2Fv2%2Fmedia&parent=2953"}],"curies":[{"name":"wp","href":"https:\/\/api.w.org\/{rel}","templated":true}]}}